vided by 31.
30
Suppose 0 = 4*v - 4 - 0, -2*v = -2*h + 116. What is the remainder when h is divided by (-75)/(-10)*2*1?
14
Let o(q) = -q**3 - 38*q**2 - 257*q - 4. Calculate the remainder when o(-30) is divided by 109.
70
Let f(y) = -25*y + 209. Let s be f(-18). Suppose -6*m + s + 559 = 0. Calculate the remainder when m is divided by 41.
39
Let x(m) = -50*m + 14. Let r be x(1). Calculate the remainder when -284*9/r + 6 is divided by 28.
21
Let f be ((-8)/5)/(4/(-10)). Suppose 22 = m - 7. What is the remainder when m is divided by (3/(-12) - (-1)/f) + 15?
14
Suppose -21*c + 616 = c. Suppose -3*g + 30 = 2*g. What is the remainder when c is divided by (-2 - (-20)/g)*6?
4
Suppose -88 = -5*w - 5*g + 342, -164 = -2*w - 3*g. Calculate the remainder when w is divided by (-2*4)/((-2)/8).
30
Suppose -3*w = -4*g + 180, 3*w - 158 + 2 = -4*g. Calculate the remainder when 788 is divided by g.
32
Calculate the remainder when 1758 is divided by (-5680)/(-40) - (-56)/8.
119
Let t(c) = 12*c - 3. Let l be t(-13). Let b = -132 - l. Let a(n) = 2*n**3 - 4*n**2 - n + 1. What is the remainder when b is divided by a(3)?
11
Suppose -a + 45 = -115. Let x(m) = -584*m + 11134. Calculate the remainder when a is divided by x(19).
8
Suppose -34*c = -32*c - 4*x - 34, 9*c + 4*x - 131 = 0. Calculate the remainder when 1779 is divided by c.
9
Suppose w - 2448 = -2*w. Suppose w = -16*t + 32*t. Let j = -24 - -43. What is the remainder when t is divided by j?
13
Suppose 4*d + 0*d - 3*p - 189 = 0, -5*d = 4*p - 213. Let c(g) = -g**3 + 24*g**2 + 31*g - 77. Calculate the remainder when c(25) is divided by d.
28
Let q = -7566 - -7892. Calculate the remainder when q is divided by 94.
44
Let r be (28/5)/((-20)/350). Calculate the remainder when 108 is divided by (-6 + 230/35)/((-4)/r).
10
Let d = 19193 + -19142. Calculate the remainder when 600 is divided by d.
39
Suppose 0*m = -m + g + 21, -97 = -5*m + g. Let o(f) = -3*f**2 - 20*f + 10. Let d be o(-6). Let c = d + 13. Calculate the remainder when c is divided by m.
16
Suppose -659*o = -661*o - 6, 2*k - 483 = -o. What is the remainder when 729 is divided by k?
0
Let r(w) = -50*w - 2167. Calculate the remainder when r(-53) is divided by 94.
13
Suppose 0 = 5*i + 4*w - 185 - 74, 2*w - 153 = -3*i. What is the remainder when 1027 is divided by i?
40
Let u(v) be the second derivative of v**5/20 - 5*v**4/12 + v**3/2 + 5*v**2/2 - 58*v. Let d = -45 - -51. Calculate the remainder when u(d) is divided by 15.
14
Let k(t) = -3*t - 1. Let i(j) = 8*j - 131. Let d(z) = -i(z) - 4*k(z). Calculate the remainder when 40 is divided by d(-31).
7
Suppose -46826 = -444*w + 1203922. What is the remainder when w is divided by 257?
247
Let f(z) = 3*z + 4. Let m(t) = t**2 + 6*t - 21. Let i = 11 - 20. What is the remainder when f(3) is divided by m(i)?
1
Suppose -20*z + 46230 = 49*z. What is the remainder when z is divided by 182?
124
What is the remainder when 4826 is divided by (-1*120/16)/(6/4 + -2)?
11
Let p = 352 - 350. Suppose 3*a - 129 = -h - p*a, 3*a + 3 = 0. What is the remainder when h is divided by 9?
8
Let m = -165 - -193. Let j = 168 - m. What is the remainder when j is divided by 30?
20
Suppose 0 = 3*u + 4*j + 4, -5*u - j = -7*u + 1. Suppose 43 = 5*p + 6*x - 5*x, 5*p + 2*x - 46 = u. Calculate the remainder when 18 is divided by p.
2
Suppose 2*x - 337 + 3 = 0. Suppose 5*d - 100 = -z, 0 = -2*d + 115*z - 118*z + 53. What is the remainder when x is divided by d?
15
Let m(f) = -10*f - 15. Calculate the remainder when 1021 is divided by m(-27).
1
Suppose 4*i = -o - 165 + 272, -445 = -5*o - 2*i. Suppose 3*q = -5*p + 28, -8 = 2*p - p + 4*q. Calculate the remainder when o is divided by p.
7
Suppose -2*d + 4*u - 8 = 0, 6*u = 3*d + 4*u. Let y(o) = o**3 + 8*o**2 - 10*o - 5. Calculate the remainder when y(-9) is divided by 1/d - -1 - 8/16.
0
Calculate the remainder when (33/(-6) + 1)*(-76 + -402) is divided by 145.
121
Let s(i) = i**2 + i - 30. Let a be s(5). Let p(r) = r**3 - r**2 + r + 56. Calculate the remainder when p(a) is divided by 21.
14
Suppose 3*u + 57 = 4*m, 16*m - 18*m = 3*u - 33. Calculate the remainder when (-1)/(4/(-20)*5/32) is divided by m.
2
Let k(g) = -96 + 219 - 27*g - g**3 - 104 - 16*g**2. Calculate the remainder when 352 is divided by k(-14).
2
Let j be (8 + -1)*(1 + -2 - -2). What is the remainder when 506/j - 18/63 is divided by 23?
3
Suppose -3073 = -7*b + 266. Let i = b - 460. Calculate the remainder when 100 is divided by i.
15
Let z = 416 + -352. Let j = 35 - 2. What is the remainder when z is divided by j?
31
Let t(v) = 22*v**2 + 1. Let p(i) = -49 + 2*i**3 - 15 - 3*i**3 + 20*i + 4 + 8*i**2. Calculate the remainder when p(9) is divided by t(-1).
16
Suppose 0 = 3*v - 5*w - 189, -186 = -5*v + 2*w + 148. What is the remainder when 107 is divided by v?
39
Suppose -d - 453 = -4*j, -19*d = -3*j + 600 - 315. Suppose -3*l = -5*o - 170, 0*l = 5*l + 3*o - 306. What is the remainder when j is divided by l?
54
Let g be 5 - -4 - (2 + 4). Let k(l) be the third derivative of l**5/12 + l**4/12 - 13*l**3/6 + l**2. What is the remainder when 151 is divided by k(g)?
37
Let m(u) = 1127*u - 2388. Calculate the remainder when m(3) is divided by 188.
53
Let p = -15 - -19. Let h be 1392/36 + p/(-6). Suppose 5*c + 13 = h. Calculate the remainder when 12 is divided by c.
2
Let m = -34 - -59. Let f(s) = -152*s - 4. Suppose 3*q - i + 7 = 0, -5*q + q + i = 8. What is the remainder when f(q) is divided by m?
23
Suppose 9*i + 21 = 12*i. Let k(l) = l**2 - 7*l + 5. Let t be k(i). What is the remainder when (64 - t) + 4/2 is divided by 16?
13
Let s be (-5526)/10 + 189/(-35) + 6. Let p = s + 628. Calculate the remainder when 378 is divided by p.
74
Let j be (-5)/((-50)/3430) + 3*1. Let s = j - 297. What is the remainder when s is divided by 17?
15
Let w(z) = 7*z**2 - 16*z + 65. Suppose 16 = -14*u + 86. What is the remainder when w(u) is divided by 27?
25
Let l be (-38 - -1) + (-84)/(-28). What is the remainder when l/4*-4 - -5*1 is divided by 7?
4
Let p = 5578 - 5452. Let w be 3/9 + (-644)/6. Let u = w + p. Calculate the remainder when 129 is divided by u.
15
Suppose -r - 3 = 0, 7*b - 5*r - 27 = 5*b. What is the remainder when 302 is divided by 3/(6 + b + 810/(-68))?
30
Let y(a) = 3*a**2 + 74*a - 1324. Calculate the remainder when 569 is divided by y(-38).
177
Suppose -38*m - 27*m + 1032 = 21*m. What is the remainder when 211 is divided by m?
7
What is the remainder when 369 is divided by 2/(-14)*(-15 + 127)/(-16)?
0
Let t be (-5)/(-15)*(-4 - -1). What is the remainder when 88 is divided by t/(-2) + (-22)/4 + 21?
8
Let r(b) = -b**3 - 6*b**2 + 10*b + 15. Let o be r(-7). What is the remainder when 2 + (-2 - 2) + 45 is divided by 3/3 - 5*o/2?
11
Let h(v) = v + 5. Let y be h(-5). Suppose y = -g - 26 - 50. Let t = 101 + g. What is the remainder when 96 is divided by t?
21
Let o = 63 + -120. Let l = -52 + 66. Let d = l - o. Calculate the remainder when d is divided by 24.
23
Suppose 8642 = -19*m + 16964. What is the remainder when m is divided by 17?
13
Let d(r) = r**3 + 3*r**2 - 1. Let u = 10 - 9. Let v be d(u). Calculate the remainder when 59 is divided by ((v + 7)*-1)/(-1).
9
Suppose 0 = 219*c + 1040 - 6953. Suppose 4*d + 25 - 85 = 0. Suppose 8 = -z + d. Calculate the remainder when c is divided by z.
6
Let p(f) = -10*f**3 + 4*f**2 - 2*f - 2. Let s be p(2). Let r = -49 - s. What is the remainder when (2/(2/(-35)))/((-8)/8) is divided by r?
14
Let f = 170 - 166. Let w(n) = n**3 - 4*n**2 - 21*n + 101. What is the remainder when 33 is divided by w(f)?
16
Let j(p) = 3*p**2 - 15*p + 12. Let d be j(4). Suppose d = -o + 11*o - 320. Calculate the remainder when 189 is divided by o.
29
Suppose -4 = -0*x - x - a, 0 = -2*x + 3*a - 12. Suppose 2 = 5*i - 3, x = 3*z - 3*i - 21. Suppose 2 = -q + 8. Calculate the remainder when z is divided by q.
2
Calculate the remainder when ((-112)/72)/((-7)/3087) is divided by 219.
29
Let j(d) = -72*d - 1293. Let h = -745 - -1115. Calculate the remainder when h is divided by j(-19).
70
Let i(c) = -4 - c**3 - 6 + 1 + 2*c**2 + 4*c**2. Let o be i(5). Let w(b) = -b**2 + 16*b + 10. Calculate the remainder when 33 is divided by w(o).
3
Suppose -48 = 2*d - 4*d. Suppose -o = 2*t - d, -4*t - 36 = -5*o - 112. Suppose q = t + 10. What is the remainder when 140 